) be the first derivative of w(q). Calculate f(5).
-41
Let p be (-4*2/12)/(6/(-477)). Let i(v) = -4*v**2 + 2*v**3 + 100*v - 44*v - p*v. Calculate i(2).
6
Let n be 2/(-8) - ((-93)/(-12) + 0). Let o be (-4)/6*((-63)/18 - n). Let f(x) be the first derivative of -x**4/4 - x**3 + 2*x**2 + 3*x - 2. Calculate f(o).
-9
Let t be (2/6)/((-35)/105). Let g(x) = -x**2 - x + 4. Let a(z) = -z**2 - z + 2. Let o(v) = t*g(v) + 2*a(v). Determine o(-6).
-30
Let l(y) = -2739*y - 2*y**3 + 2 + 4*y**2 + 2739*y. Let a(j) = j - 3 + 0 + j**2 + 4. Let p(g) = 2*a(g) - l(g). Give p(2).
12
Let c(u) = -4 - 112*u + 516*u - 407*u. Let z = -2 + 0. Let g = z + -2. What is c(g)?
8
Suppose -2*s = -0*s + 8. Let x(d) = 2*d**2 + 7*d - 2. Let b be x(s). Let t(n) = n**b - 5*n + 2 + 10*n - 9*n + 2. Give t(4).
4
Let o(r) be the third derivative of -73*r**2 - 1/24*r**4 + 1/60*r**6 + 0 - 1/30*r**5 + 0*r**3 + 0*r. Determine o(2).
6
Let m(j) = j**3 + 9*j**2 - j - 6. Let n be m(-9). Suppose -n*b = -b - 8. Let u(l) = -2*l + 2. Let g(f) = f - 1. Let a(i) = 9*g(i) + 4*u(i). Calculate a(b).
3
Let y(v) be the second derivative of -10*v**3 - 473*v**2/2 + 5394*v. Give y(-8).
7
Let c = 550 - 554. Let f(a) = 6*a + 4*a - 8*a + 3. Calculate f(c).
-5
Let s(z) be the second derivative of -z**3/6 + 3*z**2/2 - 520*z. Suppose 0*i + 6 = i. What is s(i)?
-3
Let k(g) = -5*g - 5. Let l(y) = y. Let s(n) = -k(n) - 6*l(n). Suppose -38 = -2*p + 70. Let t be 8 - 252/30 - p/(-10). Determine s(t).
0
Let h be (-237)/(-6)*-2*1. Let t = -72 - h. Let c(u) = -8*u + 0*u**2 + 3 - 3 + 4 + u**2. Calculate c(t).
-3
Let u(a) be the second derivative of -5*a**3/6 + 3*a**2/2 - 195*a - 12. Calculate u(5).
-22
Let r(b) be the second derivative of -b**3/6 + 2*b**2 + 7*b. Let c(x) = x**3 + 19*x**2 - 43*x + 15. Let j be c(-21). Suppose 6*w + j = -0. Calculate r(w).
10
Suppose 0 = -3*x - 2*k + 102, -4*x + 0*k + 5*k = -159. Let h be (-2)/((-8)/6*x/(-24)). Let p(j) = -j**2 + 8*j**3 + j**2 - 13*j**3. Determine p(h).
5
Suppose 4*g + 52692 = 125880. Let b(v) = 5 + g*v**3 - 5*v**2 - 18299*v**3 - v**2. Give b(-3).
5
Let l be ((128/(-12))/2)/(4/(-6)). Suppose -6*w - 6 = -4*w - 2*j, -w - 4*j - l = 0. Let y(h) = h - 2. What is y(w)?
-6
Let r(n) be the first derivative of n**3/3 + 3*n**2/2 + 10*n + 638. Give r(-4).
14
Let d(q) = q**2 - 4 - 10*q + 1 - q - q. Suppose -396 = -81*x + 48*x. What is d(x)?
-3
Let p(j) = -j**2 - 19*j + 4. Let n be p(-19). Let v(h) = h**3 - 2*h**2 - 3*h + 6. Let o(r) = r**3 + r**2 + 3*r - 5. Let d(c) = n*o(c) + 3*v(c). What is d(1)?
6
Suppose -45*m - 48 - 42 = 0. Let p(c) = 1 + 4 - 23*c + 28*c. Determine p(m).
-5
Let n(r) = 3*r - 8221*r**3 + 19*r**2 - 18 - 5*r**2 + 8220*r**3. Calculate n(14).
24
Let j(d) = -d + 5. Let y be 650/(-5)*3/(-6). Let k(g) = g**2 + 37*g - 275. Let f be k(-42). Let t = f + y. Determine j(t).
5
Let q(z) = -9*z - 66. Let d(a) = 2*a**3 + 73*a**2 + 39*a + 100. Let g be d(-36). Give q(g).
6
Let t = -4973 - -4965. Let n(a) = a**3 + 6*a**2 - 10*a - 17. Determine n(t).
-65
Suppose 24 + 60 = 28*m. Let y(v) = -4*v**m + 2*v**2 - v**2 + 6*v**2 - 5*v - v**2 + 4 + 2*v**3. Give y(4).
-48
Let d(u) = -u**2 - 12*u - 15. Let c(h) be the second derivative of h**4/12 - 4*h**3/3 - 3*h**2/2 - 2*h + 7. Let m be c(7). Give d(m).
5
Let c(d) = -8*d - 32. Let o be c(-5). Suppose 0 = o*q - 7*q - 9. Let n(s) = -s + q*s + 8 - 9*s**2 + 8*s**2. Calculate n(8).
8
Let q(j) = -9*j + 3 + 6*j**2 + j**3 + 14*j + j**2. Let y be (3 + 21/(-6))/((-1)/(-12)). Calculate q(y).
9
Let p(y) = -y**2 - 2*y. Let d(a) = -8*a**2 + 6 - a**3 - 10*a**3 + 9*a**3. Let f be d(-4). Let s be f/(-10) + (-170)/50. Determine p(s).
-8
Let i(w) = -4*w + 1. Let u(k) = k + 10. Let d be u(-9). Suppose c + d = 2*c. Give i(c).
-3
Let v(b) = 5*b - 1. Suppose -14*i + 11 = -3. Suppose -2*u + 7 = -2*h - i, -5*h = -u + 12. Determine v(h).
-11
Let h(k) be the second derivative of -5*k**3/6 - 87*k**2/2 + 3254*k. Give h(-18).
3
Let f(g) be the third derivative of -g**6/60 + g**5/20 - g**4/24 + g**3/3 + 217*g**2. Suppose 3*p - 7 + 1 = 0. Determine f(p).
-4
Let w(i) = 0*i - 2*i + 4*i - 3 - 6. Let m be 18 - (0 + -4 + 1). Suppose 0 = -4*b - 4*t + 36, 4*b = 8*b - t - m. Determine w(b).
3
Let a(t) = -8*t + 14. Suppose l + 4 = c, -c + 132*l - 4 = 135*l. Give a(c).
-2
Let m(j) = j**3 + 7*j**2 - 7*j - 2. Let f be 9*-3*(-4)/(-108)*-3. Suppose 6*x + f*x + 72 = 0. Give m(x).
-10
Let o(a) = 87 + 2*a - 341 + 295. Give o(6).
53
Suppose 6*b = -4*q + 3*b + 24, -10*q + 26 = -b. Let a(m) = -m**3 + 3*m**2 - 8*m + 23. Give a(q).
-1
Suppose -3*g = -3*j - 21, -105 = -3*g - 5*j - 36. Let d(a) = a**3 - 12*a**2 - 14*a + 4. What is d(g)?
-9
Let g(s) = 2*s + 2*s + s**2 - 4*s**3 + 3*s**2 + 3*s**3 - 2. Let l be g(4). Let b(y) = -2 + 3 + l*y + y**2 - 13*y + 5. Determine b(0).
6
Suppose 59*c - 118*c = -61*c, c - 10 = -2*y. Let g(m) = m**2 + 3*m - 30. What is g(y)?
10
Let i(f) = f**3 + 7*f**2 + 2*f + 5. Let d be (96/(-80))/(6/(-40)). Suppose -4*n + 4*r = 20, 4*n + d*r + 30 = 7*r. Give i(n).
-9
Let r(c) = c**3 + 13*c**2 + 8*c + 24. Let x(d) = 2*d**3 + 25*d**2 + 14*d + 50. Let b(p) = 5*r(p) - 2*x(p). Determine b(-14).
48
Let g = -10 + 12. Let b = -108 + 118. Suppose -b = g*z - 4. Let p(i) = -i**3 - 2*i**2 + 2*i + 3. Calculate p(z).
6
Let m(i) = -52*i**2 + 30*i**2 + 26*i**2 + 0*i - i + i**3 - 3. Determine m(-4).
1
Let y(n) be the first derivative of -n**4/4 - 8*n**3/3 + 11*n**2/2 + 29*n - 249. Calculate y(-9).
11
Suppose 5*t - 75 = 5*x, 25 - 23 = -t. Let f(z) = -z**3 - 17*z**2 - 3*z - 33. What is f(x)?
18
Let x(j) = -j**3 + j**2 - 12*j - 22. Let m be x(-2). Let k(d) = -7*d + 23. What is k(m)?
-75
Let m(k) = 9*k + 230 + k**2 + 18*k - 32*k - 237 + 8*k. Suppose 0 = -5*d + 15, 5*n - 5*d = -2*d - 39. Determine m(n).
11
Let n(d) = -d**3 - 60*d**2 - 54*d + 290. Let b be n(-59). Let h(g) = -g**3 - 5*g**2 + 4*g + 14. Give h(b).
-6
Let b(u) be the second derivative of -u**7/2520 + u**6/80 + 115*u**4/6 - 42*u. Let q(w) be the third derivative of b(w). Determine q(5).
20
Let l(x) = -5*x + 2. Let n(o) = -o**3 - 4*o**2 - 5*o - 9. Let f be (10/(-3))/(28/42). Let c be n(f). Suppose 51 - c = -5*t. Determine l(t).
12
Let w(d) = -103*d - 483. Let y(o) = 204*o + 1083. Let z(i) = -7*w(i) - 4*y(i). Calculate z(-10).
-1
Let f(v) be the first derivative of v + 3/2*v**2 + 12. Give f(-1).
-2
Let x = -1503 - -1521. Suppose -x = 5*l + o, -3*l - 24*o - 18 = -27*o. Let b(z) = -3*z - 22. Let r(u) = -u - 7. Let c(g) = 2*b(g) - 7*r(g). Give c(l).
1
Let g(v) be the second derivative of -v**3/2 - v**2/2 - 23*v. Let w be (24/(-10))/(4/(-10)). Suppose -k + w = -i, 0 = 3*i + 2*i + 5*k + 10. Give g(i).
11
Let y(h) be the third derivative of -h**7/5040 + h**6/60 + 31*h**5/30 + 66*h**2. Let m(f) be the third derivative of y(f). What is m(8)?
4
Let w(x) = 14*x - 7. Let b(t) = -32*t + 27. Let v(r) = -r - 1. Let s(d) = -b(d) - 5*v(d). Let k(f) = -3*s(f) + 8*w(f). Suppose 44 = -5*g - 1. Determine k(g).
1
Let t(z) = -20*z + 79. Let l(g) = -10*g + 47. Let f(d) = 5*l(d) - 2*t(d). Calculate f(6).
17
Suppose 5*p + 8*s = 3*s + 40, 0 = -3*p + 5*s + 8. Let f(k) = 10*k - 2. Let j(r) = -5*r + 2. Let d(l) = -3*f(l) - 5*j(l). What is d(p)?
-34
Let a(c) be the third derivative of c**5/60 + c**4/12 + 90*c**2. Let o = 188 + -191. Calculate a(o).
3
Let g(r) = -r**2 + 4. Suppose 0 = -7*w + 282 - 72. Suppose 7*l - w = -3*l. Determine g(l).
-5
Let m = 12584 - 12589. Let r(u) = -4*u**2 - 3*u - 5. Determine r(m).
-90
Let z = 223 - 164. Suppose 0 = -11*w - 15 + z. Let x(l) = l**2 - l - 4. Determine x(w).
8
Let r = -20 - -20. Suppose 35 = -r*x + 5*x. Suppose 5*l - 3*f = -24, 4*l - 21 = x*l - 4*f. Let a(c) = c + 7. Calculate a(l).
4
Let n(z) = -z**2 + 2*z - 3. Let d(p) = p - 4. Let f be d(-1). Let v be (-8)/10*(f - 20/(-8)). Determine n(v).
-3
Let o = -66 + 96. Let v(d) be the first derivative of -55 + d + o + 33 + d**3. What is v(1)?
4
Let w(z) = 4*z + 27. Let p(a) = -a**2 - 3*a - 2. Let k(j) = p(j) + w(j). Let d be 10/35 + -1*2/7. What is k(d)?
25
Let b(z) = -38*z**3 - 169*z**2 - 123*z - 1465. Let c(p) = 3*p**3 + 14*p**2 + 10*p + 122. Let u(n) = -2*b(n) - 25*c(n). What is u(13)?
-3
Let t = 26 + -24. Let b be (3/t)/((-6)/(-72)). Let w(u) = -7*u + 4 + 2 - b*u + 28*u. What is w(-6)?
-12
Let o be 2/12 - (-74)/(-12). Let u(n) = -n**3 - 5*n**2 + 7*n. Let q be u(o). Let z(v) = -8 